hest common factor of 99 and 16922147?
11
Calculate the greatest common divisor of 2562 and 1253742.
42
Calculate the highest common factor of 1425 and 38640.
15
Calculate the greatest common factor of 176 and 482673664.
176
What is the greatest common divisor of 12031 and 6105392?
227
What is the greatest common divisor of 1769994 and 48150?
1926
What is the highest common divisor of 87702200 and 365?
365
What is the highest common factor of 123 and 7675323?
123
Calculate the highest common factor of 170961 and 359709.
147
What is the greatest common factor of 137785912 and 82?
82
Calculate the highest common divisor of 3743696 and 5696.
1424
Calculate the highest common divisor of 2183 and 26953501.
2183
Calculate the greatest common factor of 257 and 328373.
1
Calculate the greatest common divisor of 1184259 and 14946.
141
Calculate the highest common factor of 173806 and 20492.
94
Calculate the greatest common divisor of 4293 and 923101.
53
What is the highest common factor of 375405 and 120495?
435
Calculate the greatest common factor of 341380 and 1820.
260
What is the highest common divisor of 528 and 170700112?
176
What is the greatest common divisor of 5670 and 1862910?
630
Calculate the highest common divisor of 7587 and 84924663.
843
What is the greatest common factor of 13930013 and 4456?
557
What is the greatest common factor of 2241510 and 3330?
30
What is the highest common factor of 5637360 and 177620?
1660
Calculate the greatest common factor of 2268 and 62020.
28
What is the highest common factor of 558 and 826522?
62
Calculate the highest common factor of 4710514 and 3104.
194
Calculate the highest common divisor of 18733 and 4796.
11
What is the highest common divisor of 164246043 and 1791?
597
Calculate the highest common divisor of 546 and 392259.
21
Calculate the highest common factor of 2793032 and 566984.
1496
What is the greatest common divisor of 532344788 and 618?
206
Calculate the highest common factor of 32568 and 34868.
92
Calculate the greatest common divisor of 284488622 and 1562.
1562
Calculate the highest common divisor of 962 and 11592945.
13
What is the highest common divisor of 1664 and 1379968?
128
What is the greatest common divisor of 569748 and 179804?
316
What is the greatest common divisor of 21015 and 314199?
9
What is the greatest common factor of 1439313 and 459?
3
What is the highest common factor of 265468 and 142804?
76
Calculate the highest common divisor of 31860 and 1063096515.
7965
What is the greatest common factor of 38 and 75456657?
19
Calculate the highest common divisor of 3759462 and 182.
14
Calculate the highest common divisor of 38394 and 28333350.
1422
Calculate the greatest common divisor of 24500 and 115829000.
3500
What is the greatest common factor of 11250 and 775951875?
5625
Calculate the highest common factor of 13923600 and 249075.
3075
What is the highest common factor of 10 and 18912490?
10
What is the greatest common divisor of 2625286 and 39562?
302
What is the greatest common divisor of 1297795 and 3040?
95
Calculate the greatest common divisor of 2463928 and 94376.
376
What is the greatest common divisor of 276354152 and 568?
568
What is the highest common divisor of 128 and 159004?
4
What is the greatest common divisor of 1365988 and 2009306?
2834
Calculate the highest common factor of 1480 and 14864195.
185
Calculate the highest common factor of 1850 and 483775.
925
Calculate the highest common factor of 34 and 14691247.
17
Calculate the greatest common factor of 7061440 and 40.
40
What is the highest common divisor of 62 and 25875886?
62
Calculate the highest common divisor of 264 and 7096980.
132
Calculate the greatest common factor of 2596 and 23848.
44
What is the greatest common factor of 1785 and 26857705?
595
Calculate the highest common divisor of 722775 and 128685.
345
What is the greatest common divisor of 75756 and 10797?
177
Calculate the greatest common factor of 11005 and 104015.
355
What is the greatest common divisor of 198822560 and 320?
160
What is the highest common divisor of 1742 and 305786?
26
Calculate the greatest common divisor of 200324620 and 11460.
3820
Calculate the highest common divisor of 1795 and 11547594.
359
Calculate the greatest common divisor of 60 and 94814940.
60
Calculate the greatest common factor of 328164 and 1402034.
1334
What is the highest common divisor of 608330144 and 38?
38
What is the highest common divisor of 4063988 and 15598?
1418
What is the greatest common factor of 9311089 and 707?
101
What is the highest common factor of 1096461 and 4176?
261
What is the highest common divisor of 8946 and 10598?
14
What is the highest common divisor of 125521136 and 1040?
208
What is the greatest common factor of 314643 and 2646?
21
Calculate the highest common divisor of 10180 and 313977668.
2036
Calculate the highest common divisor of 16 and 1078724.
4
What is the greatest common factor of 300 and 81726825?
75
Calculate the greatest common factor of 98 and 1669934.
14
Calculate the greatest common divisor of 3013164825 and 11.
11
What is the greatest common factor of 9035 and 7697664?
13
Calculate the greatest common factor of 3446625 and 4935.
105
What is the greatest common factor of 27060 and 34287?
33
What is the highest common divisor of 314200716 and 18?
6
Calculate the highest common divisor of 6428239 and 28997.
107
What is the highest common factor of 4350 and 1009374?
174
What is the highest common divisor of 51454308 and 53?
53
Calculate the greatest common divisor of 173452 and 31996.
1684
What is the highest common factor of 12789360 and 1836?
108
What is the highest common factor of 199 and 568543?
199
Calculate the greatest common factor of 4103 and 75911.
11
What is the greatest common factor of 249652830 and 4530?
4530
What is the greatest common divisor of 86976 and 506808?
72
Calculate the greatest common divisor of 67824380 and 195.
65
Calculate the greatest common factor of 87 and 69820197.
87
What is the greatest common divisor of 46 and 7954418?
2
Calculate the highest common divisor of 2338 and 9647590.
334
Calculate the highest common factor of 477778730 and 4377.
1459
Calculate the greatest common divisor of 96219730 and 1490.
1490
Calculate the greatest common divisor of 1128 and 2064381.
141
Calculate the highest common divisor of 339915631 and 11.
11
What is the highest common factor of 4927120 and 16720?
880
What is the greatest common divisor of 45475920 and 25?
5
What is the greatest common factor of 110 and 142795?
5
Calculate the highest common divisor of 3992670 and 5920.
370
Calculate the greatest common divisor of 16813 and 44584421.
731
Calculate the greatest common factor of 6674121 and 9.
9
What is the highest common divisor of 35110 and 12750?
10
Calculate the greatest common divisor of 8872944 and 12.
12
What is the greatest common divisor of 19675853 and 979?
89
Calculate the greatest common factor of 185598 and 345429.
63
What is the greatest common divisor of 279907 and 19095119?
6827
Calculate the greatest common factor of 74175 and 46765725.
3225
What is the greatest common factor of 7378 and 46286937?
527
Calculate the highest common factor of 717756268 and 124.
124
What is the highest common divisor of 27352942 and 1348?
674
Calculate the highest common factor of 11597850 and 710.
710
Calculate the greatest common factor of 3650 and 9593050.
50
Calculate the highest common divisor of 17313 and 2629188.
597
What is the greatest common factor of 968 and 2424488?
88
What is the highest common factor of 335 and 160631428?
67
What is the highest common factor of 186786751 and 1629?
181
Calculate the greatest common factor of 1173474 and 1540080.
1674
Calculate the highest common factor of 18867765 and 315.
105
What is the greatest common factor of 25792 and 65441?
31
What is the highest common divisor of 127250 and 3425?
25
What is the greatest common divisor of 18095460 and 150?
30
What is the highest common divisor of 1334871 and 576?
9
What is the highest common divisor of 16930 and 11475154?
3386
What is the greatest common divisor of 74 and 3048968498?
74
Calculate the greatest common divisor of 144 and 2869389.
9
What is the greatest common factor of 1080483 and 3243?
